
2, 13, 3319, 6197
List the prime factors of 15291309.
3, 11, 47, 9859
List the prime factors of 398347784.
2, 49793473
List the prime factors of 1711457253.
3, 11, 1493, 11579
What are the prime factors of 1021166361?
3, 211, 537739
List the prime factors of 1275619839.
3, 13, 29, 41, 27509
List the prime factors of 54588650.
2, 5, 457, 2389
List the prime factors of 2418447171.
3, 7, 23, 5007137
List the prime factors of 420359420.
2, 5, 13, 19, 85093
List the prime factors of 269947684.
2, 157, 429853
What are the prime factors of 67215041?
67215041
What are the prime factors of 3475655?
5, 695131
List the prime factors of 71359272.
2, 3, 31, 10657
List the prime factors of 540420614.
2, 337, 801811
List the prime factors of 1106227016.
2, 138278377
What are the prime factors of 69504387?
3, 29, 31, 25771
List the prime factors of 1833024847.
17, 107824991
What are the prime factors of 474996720?
2, 3, 5, 11, 179923
List the prime factors of 1130979241.
7, 23081209
What are the prime factors of 50904825?
3, 5, 678731
List the prime factors of 624194328.
2, 3, 26008097
What are the prime factors of 30953123?
1759, 17597
What are the prime factors of 230880163?
230880163
What are the prime factors of 1819112766?
2, 3, 1531, 198031
List the prime factors of 105150735.
3, 5, 383, 6101
List the prime factors of 42392587.
2063, 20549
What are the prime factors of 133667895?
3, 5, 673, 13241
What are the prime factors of 61561711?
167, 368633
List the prime factors of 4798386205.
5, 317, 3027373
What are the prime factors of 1076362145?
5, 199, 1081771
List the prime factors of 15434059.
15434059
What are the prime factors of 2358001632?
2, 3, 7, 331, 10601
List the prime factors of 3633267955.
5, 726653591
List the prime factors of 3493096798.
2, 13679, 127681
List the prime factors of 365502448.
2, 17, 1343759
What are the prime factors of 26394265?
5, 53, 103, 967
List the prime factors of 959671202.
2, 7, 2657, 25799
List the prime factors of 18931025.
5, 757241
List the prime factors of 6507872625.
3, 5, 31, 43, 47, 277
List the prime factors of 64080522.
2, 3, 11, 37, 8747
What are the prime factors of 2783035231?
2783035231
List the prime factors of 67239566.
2, 3331, 10093
What are the prime factors of 4113034161?
3, 12379, 110753
List the prime factors of 136484231.
13, 23, 37, 73
What are the prime factors of 3796617008?
2, 237288563
What are the prime factors of 155943420?
2, 3, 5, 419, 6203
List the prime factors of 573507673.
83, 1993, 3467
What are the prime factors of 679618361?
233, 769, 3793
List the prime factors of 50571877.
827, 61151
What are the prime factors of 5302476261?
3, 29, 59, 149, 2311
List the prime factors of 68962095.
3, 5, 67, 89, 257
List the prime factors of 647840013.
3, 215946671
What are the prime factors of 25533255?
3, 5, 11, 154747
List the prime factors of 120022245.
3, 5, 7, 43, 8861
What are the prime factors of 11906947?
13, 915919
List the prime factors of 721148954.
2, 61, 5911057
List the prime factors of 4051801895.
5, 810360379
List the prime factors of 5652104899.
7, 16231, 49747
List the prime factors of 14267360.
2, 5, 23, 3877
What are the prime factors of 140736346?
2, 70368173
What are the prime factors of 2712076611?
3, 3853, 234629
List the prime factors of 6272085796.
2, 1568021449
List the prime factors of 334154956.
2, 2411, 34649
What are the prime factors of 67322393?
487, 138239
List the prime factors of 2280031243.
7, 29, 487, 23063
What are the prime factors of 544797195?
3, 5, 823, 44131
What are the prime factors of 1312269766?
2, 18503, 35461
List the prime factors of 424154647.
7, 5507, 11003
List the prime factors of 63069285.
3, 5, 1307, 3217
List the prime factors of 7329442237.
13, 17, 2081, 15937
What are the prime factors of 71976250?
2, 5, 71, 811
What are the prime factors of 5748846234?
2, 3, 139, 1163, 5927
What are the prime factors of 5687044587?
3, 7, 311, 32251
List the prime factors of 196931409.
3, 19, 3454937
List the prime factors of 2288388961.
709, 1093, 2953
What are the prime factors of 20317704?
2, 3, 11, 76961
List the prime factors of 651974329.
651974329
What are the prime factors of 100690066?
2, 157, 320669
List the prime factors of 99918718.
2, 223, 224033
List the prime factors of 3338721766.
2, 17, 5419, 18121
What are the prime factors of 37642770?
2, 3, 5, 11, 47, 809
What are the prime factors of 1228188295?
5, 97, 1129, 2243
List the prime factors of 655765293.
3, 17, 157, 81899
List the prime factors of 774816148.
2, 193704037
List the prime factors of 304771010.
2, 5, 241, 126461
List the prime factors of 47821287.
3, 15940429
List the prime factors of 318912815.
5, 13, 19, 13591
List the prime factors of 494111260.
2, 5, 151, 163613
List the prime factors of 5451477.
3, 1817159
What are the prime factors of 38718066?
2, 3, 6453011
List the prime factors of 58957390.
2, 5, 83, 251, 283
What are the prime factors of 2166939126?
2, 3, 11, 10944137
List the prime factors of 1720780141.
659, 2611199
What are the prime factors of 627583554?
2, 3, 13, 467, 5743
What are the prime factors of 1258915526?
2, 11, 57223433
List the prime factors of 141675597.
3, 7, 107, 21017
List the prime factors of 507396319.
12541, 40459
List the prime factors of 811911065.
5, 7, 659, 35201
List the prime factors of 2546196615.
3, 5, 56582147
What are the prime factors of 31585320?
2, 3, 5, 13, 17, 397
What are the prime factors of 4184384392?
2, 523048049
List the prime factors of 4541190125.
5, 36329521
What are the prime factors of 132790808?
2, 17, 976403
List the prime factors of 7487996.
2, 991, 1889
What are the prime factors of 2150151770?
2, 5, 13, 37, 47, 9511
List the prime factors of 955004895.
3, 5, 13, 1632487
What are the prime factors of 255473917?
61, 83, 50459
What are the prime factors of 687959870?
2, 5, 13, 37, 157, 911
List the prime factors of 1372236768.
2, 3, 7, 32413
List the prime factors of 49178866.
2, 11, 2235403
What are the prime factors of 359889659?
19, 227, 83443
What are the prime factors of 525579069?
3, 521, 336263
List the prime factors of 118709819.
31, 751, 5099
List the prime factors of 134548568.
2, 7, 11, 218423
List the prime factors of 907252974.
2, 3, 17, 329431
What are the prime factors of 226031899?
226031899
List the prime factors of 170589530.
2, 5, 3061, 5573
List the prime factors of 2935596739.
31, 139, 681271
List the prime factors of 133183739.
13, 67, 152909
What are the prime factors of 41569125?
3, 5, 13, 8527
List the prime factors of 254684886.
2, 3, 3413, 12437
What are the prime factors of 70698467?
7, 67, 150743
What are the prime factors of 27200854?
2, 43, 211, 1499
List the prime factors of 12961846.
2, 79, 82037
List the prime factors of 514385438.
2, 7, 107119
List the prime factors of 625130113.
179, 1231, 2837
List the prime factors of 1973248403.
7, 127, 397, 5591
What are the prime factors of 27139784?
2, 7, 484639
List the prime factors of 371215928.
2, 179, 259229
What are the prime factors of 9021830?
2, 5, 43, 20981
What are the prime factors of 67505659?
13, 5192743
What are the prime factors of 100347812?
2, 293, 85621
List the prime factors of 1876470133.
37, 2011, 25219
List the prime factors of 18427127.
71, 259537
What are the prime factors of 6700439034?
2, 3, 19, 53, 369659
List the prime factors of 10606541.
11, 19, 2671
What are the prime factors of 58407953?
163, 358331
List the prime factors of 30462510.
2, 3, 5, 13, 19, 4111
What are the prime factors of 593347172?
2, 11, 677, 19919
What are the prime factors of 277493895?
3, 5, 7, 29, 37, 821
List the prime factors of 933508892.
2, 233377223
List the prime factors of 232053067.
232053067
List the prime factors of 10333872.
2, 3, 19, 1259
List the prime factors of 5035456007.
5035456007
List the prime factors of 85457595.
3, 5, 5697173
What are the prime factors of 34299609?
3, 31, 397, 929
What are the prime factors of 540713268?
2, 3, 167, 89939
What are the prime factors of 16837918?
2, 919, 9161
List the prime factors of 165789805.
5, 33157961
List the prime factors of 72617546.
2, 2083, 17431
What are the prime factors of 313356689?
313356689
What are the prime factors of 18708556?
2, 4677139
What are the prime fac